*l(u) - 2*q(u). Calculate n(1).
-23
Let g(u) = 463 + 394 - 910 + 5*u. Give g(11).
2
Let s(v) = 3*v**3 + 6*v**2 - 2. Let p(n) = 7*n**3 + 13*n**2 - 4. Let z(i) = 2*p(i) - 5*s(i). Let r be ((-3 - 0) + 0 - 3) + 2. Calculate z(r).
2
Let c(h) = h**2 + h - 2. Let f(o) = 8*o**2 + 2*o - 23. Let a(k) = -9*c(k) + f(k). Suppose -4*r + 2*n = 8, n - 20 = 6*n. Give a(r).
7
Let v(p) = p**2 + 5*p - 3. Let z(g) = g**3 - 12*g**2 + 12. Let m be z(12). Suppose m = -4*x - 8. What is v(x)?
-3
Let n = 1 + -5. Let d(p) be the first derivative of p**4/4 + p**3 + p**2/2 + 2*p - 414. Calculate d(n).
-18
Let m = 2381 - 2380. Let s(z) = 14*z**2 + z - 1. Determine s(m).
14
Suppose -3*p + 2*p = -2*h - 23, -2*h - 13 = -3*p. Let j be (1/2)/((-1)/h). Let n = j + -5. Let v(m) = m**3 - 2*m**2 + 1. Give v(n).
1
Let m(s) = 5*s**3 - 10*s**2 + s + 3. Let o(i) = 6*i**3 - 11*i**2 + 2. Let l(n) = 5*m(n) - 4*o(n). Let d(t) = t + 1. Let a(h) = -5*d(h) + l(h). What is a(6)?
2
Let o be 2/((-14)/(-63)) - -1. Let l(a) = -2*a - 11. Give l(o).
-31
Let r(f) be the third derivative of -f**7/2520 + 7*f**6/720 + f**5/20 - 2*f**4/3 - 9*f**2. Let u(q) be the second derivative of r(q). Calculate u(6).
12
Let l(k) = -10*k**3 - 5*k**2 + 5*k - 2. Let y(b) = -4*b**3 - 3*b**2 + 3*b - 1. Let d(a) = 3*l(a) - 5*y(a). Calculate d(-1).
9
Let n(l) = l**3 - 8*l**2 + 7*l + 5. Let g(o) be the first derivative of -o**3/3 - 15*o**2/2 + 7*o - 11. Let s be g(-15). Give n(s).
5
Let c(b) = 2*b**2 - 5*b + 13. Let i be c(4). Let u(p) = -49*p + 8 + 25*p + i*p - 2. Give u(5).
11
Let u(v) = 4*v - 14. Suppose 474*o = 457*o + 102. Calculate u(o).
10
Let d be ((-9)/4 - (-7)/28) + 2. Let n(p) be the first derivative of p**4/4 - p**3/3 - 11*p - 12. Calculate n(d).
-11
Let a(t) be the third derivative of t**4/8 - t**3/3 - 15*t**2. Determine a(-2).
-8
Let k(x) be the second derivative of -x**5/20 + 13*x**4/12 - x**3/6 - 8*x**2 + 310*x. What is k(13)?
-29
Let o(s) be the third derivative of 0 + 1/24*s**4 - 7/120*s**5 - 5*s**2 + 0*s + 1/2*s**3. Let r(g) be the first derivative of o(g). Give r(1).
-6
Let h(f) = f - 2. Suppose k = -2*j + 32, 5*j + 3*k = -k + 83. Let t = j + -18. Calculate h(t).
-5
Let p be (115/138)/((-2)/(-12)). Let b(c) be the third derivative of 0 + 1/6*c**3 - c**2 + 1/12*c**p - 1/24*c**4 + 0*c. Determine b(1).
5
Let k be 1/(1/(5*1)). Let b(t) = 4*t + 14. Let a(v) = -v + 1. Let h(r) = -9*r + 21. Let x(o) = 12*a(o) - h(o). Let p(w) = 5*b(w) + 7*x(w). Give p(k).
2
Let m(a) be the first derivative of a**3/3 - 5*a**2/2 - 4*a - 143. Give m(-3).
20
Suppose 8 = -4*p - 4*j, -2*p + 3*j = -j - 14. Let k(f) be the third derivative of -f**5/30 + f**3/6 + 3*f**2. What is k(p)?
-1
Let m(d) be the first derivative of -d**4/4 + d**3/3 - d**2 + 3*d - 2. Suppose -5*v + 49 = -11. Let x be v/8*-2*2/(-3). What is m(x)?
-5
Suppose -150 = -2*p - p. Let s be (30/p)/(2/10). Suppose -8 - 7 = s*i. Let q(c) = 2*c + 4. What is q(i)?
-6
Let i(k) = -2*k**3 - k**2. Let r(h) = 3*h**3 + h**2 - h - 1. Let v = -43 + 47. Let s(n) = v*i(n) + 3*r(n). What is s(3)?
6
Let w(p) = 11*p**2 - 2*p + 35. Let t(b) = 12*b**2 - 2*b + 44. Let h(s) = 4*t(s) - 5*w(s). Calculate h(-1).
-8
Let u(g) = -2*g + 4. Let a be 920/276*18/(-10). Calculate u(a).
16
Let j(p) be the first derivative of 3*p**2/2 - 12*p + 419. What is j(9)?
15
Let y(l) = -l**2 + 9*l - 9. Suppose 29*c + 53 = 227. Determine y(c).
9
Let j(a) be the second derivative of 1/6*a**3 - 13/12*a**4 + 0 + 32*a + 0*a**2. Determine j(1).
-12
Suppose -11*z + 211 = 13. Let r(g) = -g**3 + 19*g**2 - 18*g - 9. Give r(z).
-9
Let j(p) = -26*p - 69. Let f be j(-3). Let v(l) = l**3 - 10*l**2 + 11*l - 5. What is v(f)?
13
Suppose -2*b - 8 = -0*b. Let d(w) = 96*w - 47*w - 48*w + 1. Calculate d(b).
-3
Let p be 1/8 + (-1 - 23/(-8)). Let n(q) = -q**2 - 1. Suppose -w = 1 - 0. Let h(f) = 2*f**3 - 1. Let v(u) = w*n(u) - h(u). Calculate v(p).
-10
Let q(p) = -p - 4. Let j(v) = v**2 - 2*v - 5. Let o be j(4). Suppose -g = o*g - 4. Let n be (-2)/(g*(-6)/15). Calculate q(n).
-9
Let t(x) = 18*x**2 - x - 5 - 9*x**2 - 8*x**2. Calculate t(0).
-5
Suppose -40 = 56*u + 72. Let h(k) = -3*k + 14*k**2 - 2 - 14*k**2 - k**3. What is h(u)?
12
Suppose -3*x + 2*z = 0, -3*z + 7*z - 22 = -5*x. Suppose -m + 9 = -5*t, 5*m + 24 = -x*t + 4*t. Let y(q) = q**3 + 5*q**2 - 5*q. Determine y(m).
-6
Let g(v) = 21*v - 106. Let n = 2134 - 2129. Calculate g(n).
-1
Let j(r) be the second derivative of r**3/6 + 4*r**2 + 140*r. Give j(-6).
2
Let i(b) = -b**3 - 7*b**2 - 6*b + 3. Let u(x) = -4*x**3 - 22*x**2 - 16*x + 8. Let w(s) = -7*i(s) + 2*u(s). Determine w(7).
-33
Let h(x) = -x**2 + 4*x. Let c be 3*(-1)/(-2) - 21/(-42). Give h(c).
4
Let h(v) = 3*v - 21. Let p be (2 - 63/7)*(-4 + 3). Calculate h(p).
0
Let i be 2/(-6)*(-1 + 7)/2. Let h(a) = -5*a**3 + 1. Determine h(i).
6
Let y(q) be the second derivative of -19*q**5/20 - q**3/6 + q**2/2 + 31*q. Determine y(1).
-19
Suppose 5*r - 29 = -4*n, n + n - 5*r - 7 = 0. Let a(s) be the first derivative of -s - 7/2*s**2 + n. What is a(1)?
-8
Let x(r) = 188*r - 87*r - 4 - 92*r. What is x(1)?
5
Let b(c) = c**3 + 4*c**2 + 3. Let x be b(-4). Let o(m) = -4*m**2 + 1 + 3*m**2 - 2*m**2 - x*m. Calculate o(2).
-17
Let q(b) = -b**3 - 3*b**2 - 3. Let v = -23 - -28. Suppose -v*z + 5 = 4*i, 0*i = -3*z + 2*i - 19. What is q(z)?
-3
Let v = 466 - 458. Let x(y) = y**2 - 11*y + 19. Calculate x(v).
-5
Let u = 91 + -53. Suppose -2*t + u = -5*x, 3*x + 2 = -0*x - 4*t. Let r be (-66)/14 + x/21. Let k(b) = -b**2 - 6*b + 2. Calculate k(r).
7
Let q(n) = 6*n - 5. Let x(m) = 5*m - 4. Let d = -7 + 12. Let a(c) = d*x(c) - 4*q(c). Let l(g) = g**3 - 19*g**2 + 2. Let v be l(19). Determine a(v).
2
Let q be (-12)/(-15)*(-10)/(-4). Let r(b) = -q - 7 - 5*b + 16 + b**2. Determine r(5).
7
Let m(r) = -r - 1. Let v(s) = -4*s - 7. Let i(o) = -1. Let z(u) = -6*i(u) + v(u). Let g(h) = -3*m(h) + z(h). Let j be 15/6*4/(-2). Give g(j).
7
Let n(u) be the third derivative of u**5/60 - 11*u**4/24 + 3*u**3 - 257*u**2. Determine n(12).
30
Let d(o) = 2*o - 4. Suppose -4*k + 8*k = -v + 4, 5*v = k + 20. Suppose -3*b - 17 + 32 = k. Give d(b).
6
Let p be -3 - (3 + -4 - 2). Let g = 5 + -5. Let r(q) = g*q + 2*q + p + 0. Calculate r(1).
2
Let k(y) = -2*y + 2. Let u(c) = -c**3 + 5*c**2 + 3*c - 1. Let z be u(5). Let v = z - 12. Calculate k(v).
-2
Let l(u) = 35*u**2 + 3 + 82*u**2 - 116*u**2 + 2*u - u**3. Let d be (-2 + 2 - -2)*-1. What is l(d)?
11
Let y(f) = f**3 - 4*f**2 + f. Suppose -5*a + 10 = -0*a. Let k = 5 - a. Suppose 4*x + 3*g = 4, 0*x - x = k*g + 8. What is y(x)?
4
Let s(j) = 1. Let z(o) be the first derivative of -o**3/3 + 7*o**2/2 - 10*o + 21. Let c(m) = -2*s(m) - z(m). Calculate c(7).
8
Let n(p) = p - 1. Let y = 26 + -24. Suppose -2*m - 2*m = -5*s + 59, 0 = 5*s - 2*m - 67. Suppose y*o = -3*o - s. Give n(o).
-4
Let h(i) = 41 - 366*i + 174*i + 199*i. Give h(-7).
-8
Suppose 5*r - 3 = 4*o, -4*o + 15 = r - 0*o. Suppose v = r*v - 12. Let b(j) = 3*j - 70. Let g(q) = -q + 24. Let p(x) = -6*b(x) - 17*g(x). Calculate p(v).
6
Let m be (7/49*0)/8. Let g(c) = c**3 - c**2 + c + 15. Calculate g(m).
15
Let v(k) be the second derivative of k**5/20 - k**4/6 - k**3/6 - 5*k**2/2 - 298*k. Calculate v(3).
1
Let x(d) = -11*d - 1. Suppose 28*z = -15 + 43. Calculate x(z).
-12
Let z = -135 - -116. Let x(p) = p**2 + 18*p - 17. What is x(z)?
2
Let s(i) = -38*i + 344. Let v be s(9). Let w(g) be the third derivative of -1/4*g**4 - 2*g**v + 0*g + 0 - g**3 + 1/60*g**5. Calculate w(7).
1
Let y = -23/74 + 30/37. Let m(w) be the second derivative of 2*w + 1/3*w**3 + y*w**2 + 0. What is m(-3)?
-5
Let y(g) = 12*g**2 - 2*g + 1. Let z(m) = 3*m + m - 5*m. Let j(l) = y(l) - 3*z(l). What is j(-1)?
12
Let q be (-11)/3 + (-8)/(-12). Let a(v) = 6*v**3 + 10*v**2 + 8*v + 3. Let w(h) = -7*h**3 - 11*h**2 - 9*h - 4. Let y(l) = -6*a(l) - 5*w(l). Give y(q).
-7
Let q(z) = z + 4. Let y(o) = o**3 - 11*o**2 + 27*o - 1. Let u be y(3). Calculate q(u).
12
Let w(r) = 347*r**3 - 10*r + 8*r - 2*r**2 - 376*r**3 - 1. Give w(-1).
28
Let i(f) = -5 - 24*f + 3 - 29*f + 52*f. Calculate i(6).
-8
Let d = 4 + 0. Let q(o) = -d - o - 2*o + 2*o. Suppose 3*g - h + 13 = 0, -5*g + 5 = 2*h + 34. What is q(g)?
1
Let q = -12 - -22. Suppose -4*v = -q*v - 24. Let f(h) = h + 3. Give f(v).
-1
Let y(d) be the third derivative of d**7/5040 - d**5/60 + 2*d**2. Let n